{"id":4177,"date":"2026-01-13T10:51:18","date_gmt":"2026-01-13T09:51:18","guid":{"rendered":"https:\/\/www.grauer-magier.de\/?page_id=4177"},"modified":"2026-01-13T11:33:35","modified_gmt":"2026-01-13T10:33:35","slug":"der-geneigten-leserin-zum-geleit","status":"publish","type":"page","link":"https:\/\/www.grauer-magier.de\/?page_id=4177","title":{"rendered":"der geneigten Leser*In zum Geleit"},"content":{"rendered":"\n<p>Willkommen auf grauer-magier.de!<\/p>\n\n\n\n<p>Auf diesem Blog kannst du diverse Themen durchst\u00f6bern, das obige Men\u00fc benutzen, nach Stichw\u00f6rtern suchen und viel \u00fcber die Themen erfahren die mich bewegen, die ich er- und durchgearbeitet habe. In &#8222;\u00dcber mich&#8220; erf\u00e4hrst du mehr.<\/p>\n\n\n\n<p>Grauer Magier &#8211; wieso eigentlich Grau, und wieso Magier?<\/p>\n\n\n\n<p>In dem gro\u00dfen Spektrum zwischen Schwarz und Wei\u00df ist Grau die Farbe der Schattierungen, der Zwischenschritte, aber auch der Verbindung dieser beiden Pole. Nicht einem der gro\u00dfen Eckpfeiler der Dualit\u00e4t verpflichtet bietet mir diese Beschreibung das wohligste Deutungsgef\u00fchl.<\/p>\n\n\n\n<p>Magier, \u00e4hnlich bedeutungsschwanger und Vielschichtig wie Sterndeuter, wenn man es tats\u00e4chlich durchdekliniert. Es umschreibt die Eigenschaften in etwas Einzutauchen, verstehen zu wollen &#8222;was die Welt im Innersten zusammenh\u00e4lt&#8220;, es be-greifbar zu machen, Zusammenh\u00e4nge aufzuzeigen, Einfluss auf diese Zusammenh\u00e4nge zu nehmen &#8211; im weitesten Sinne einer Selbst-Optimierung.<\/p>\n","protected":false},"excerpt":{"rendered":"<p>Willkommen auf grauer-magier.de! Auf diesem Blog kannst du diverse Themen durchst\u00f6bern, das obige Men\u00fc benutzen, nach Stichw\u00f6rtern suchen und viel \u00fcber die Themen erfahren die mich bewegen, die ich er- und durchgearbeitet habe. In &#8222;\u00dcber mich&#8220; erf\u00e4hrst du mehr. Grauer Magier &#8211; wieso eigentlich Grau, und wieso Magier? In dem gro\u00dfen Spektrum zwischen Schwarz und [&hellip;]<\/p>\n","protected":false},"author":1,"featured_media":0,"parent":0,"menu_order":0,"comment_status":"closed","ping_status":"closed","template":"","meta":{"footnotes":""},"class_list":["post-4177","page","type-page","status-publish","hentry"],"_links":{"self":[{"href":"https:\/\/www.grauer-magier.de\/index.php?rest_route=\/wp\/v2\/pages\/4177","targetHints":{"allow":["GET"]}}],"collection":[{"href":"https:\/\/www.grauer-magier.de\/index.php?rest_route=\/wp\/v2\/pages"}],"about":[{"href":"https:\/\/www.grauer-magier.de\/index.php?rest_route=\/wp\/v2\/types\/page"}],"author":[{"embeddable":true,"href":"https:\/\/www.grauer-magier.de\/index.php?rest_route=\/wp\/v2\/users\/1"}],"replies":[{"embeddable":true,"href":"https:\/\/www.grauer-magier.de\/index.php?rest_route=%2Fwp%2Fv2%2Fcomments&post=4177"}],"version-history":[{"count":3,"href":"https:\/\/www.grauer-magier.de\/index.php?rest_route=\/wp\/v2\/pages\/4177\/revisions"}],"predecessor-version":[{"id":4201,"href":"https:\/\/www.grauer-magier.de\/index.php?rest_route=\/wp\/v2\/pages\/4177\/revisions\/4201"}],"wp:attachment":[{"href":"https:\/\/www.grauer-magier.de\/index.php?rest_route=%2Fwp%2Fv2%2Fmedia&parent=4177"}],"curies":[{"name":"wp","href":"https:\/\/api.w.org\/{rel}","templated":true}]}}